+ 3. Give p(l).
-37
Suppose -30 = -4*o - 11*h + 13*h, 3 = -o - 3*h. Let k(i) = i**3 - 7*i**2 + 3*i + 18. Let y be k(o). Let a(d) = d + 19. Determine a(y).
19
Let a(o) = -o**3 + 14*o**2 - 75*o + 265. Let z be a(9). Let t(b) = 2*b**3 - b**3 + 5 - 5*b + 0*b**3 + 4*b**2. Calculate t(z).
5
Let w(d) = d + 16. Suppose 4 + 4 = 4*f, -p - 2*f = -20. Let u = p - 27. What is w(u)?
5
Let w(t) be the first derivative of -7/24*t**4 + 0*t - 1/2*t**3 - 9/2*t**2 - 8. Let f(j) be the second derivative of w(j). Calculate f(-2).
11
Let o(q) = q**3 + 9*q**2 - 10*q - 3. Suppose 0 = 129*i - 126*i + 6*m + 12, 0 = 5*i - 2*m + 56. Give o(i).
-3
Let k(j) = -6*j**2 + 4*j - 2. Let s(p) = 13*p**3 + 62*p**2 - 18*p - 13. Let x be s(-5). Determine k(x).
-18
Let u(g) = g - 4. Let n be ((-14)/49)/(-2 - 1203/(-602)). Let x = 176 - n. Calculate u(x).
0
Let z(f) = -20*f - 29. Let r(h) = -67*h - 92. Let l(u) = 6*r(u) - 21*z(u). What is l(-4)?
-15
Let i(k) = -k**3 + 89*k**2 + 275*k + 93. Let a be i(92). Let b(f) = 5*f - 1. Give b(a).
4
Let o(c) be the first derivative of c**5/20 + c**4/4 + c**3/6 + c**2/2 + 71*c + 189. Let v(j) be the first derivative of o(j). Calculate v(-1).
2
Let n(t) be the third derivative of 14 + 2/3*t**3 - 1/12*t**4 - 4*t**2 - 1/120*t**6 + 1/60*t**5 + 0*t. What is n(3)?
-20
Let y(m) = -m - 1. Let f be 2/(-6) + 4 + 2261/(-21). Let a = 97 + f. Determine y(a).
6
Let d be 83/19*-3 + 246/2337. Let z(p) = -p**3 - 14*p**2 - 15*p - 32. What is z(d)?
-6
Let a(i) = 2074*i**3 + 2 - 2073*i**3 - 4 + 3*i**2 + 2*i**2 + 4 + 5*i. Let t = 2 + -5. Determine a(t).
5
Let o(b) = 4*b**2 + 6*b - 7. Suppose 4*p = -q + 7, 42*p - 7 = 40*p + 3*q. What is o(p)?
21
Let j(c) = -28*c**2 + c**3 + 0 - 1 - 1 - 6*c + 25*c**2. Let w = 0 - -5. Give j(w).
18
Suppose 0*s - 4*s = -36. Suppose 0 = 8*v - 5*v + s. Let q(i) be the third derivative of -i**4/12 + i**3/3 + 246*i**2. What is q(v)?
8
Let z(q) = q**3 + 16*q**2 + 3*q + 34. Let a be ((-32)/(-5))/((180/(-900))/((-2)/(-4))). What is z(a)?
-14
Let f(k) = -k**3 + 3*k**2 + 8*k - 6. Let b(p) = -p**3 + 3*p**2 + 204*p - 55. Let j be b(-13). Determine f(j).
24
Let z(w) = -62*w - 15*w**2 + 2 + 14*w**2 + 52*w - 18. What is z(-11)?
-27
Let f(n) = 2 + 23*n**2 + 30*n**2 + n**3 - 27*n**2 + 2 + 25*n. What is f(-25)?
4
Let l = 7 - -3. Suppose -y = l - 4. Let p(i) = 6*i**2 + 15*i + 0*i**3 + 4*i + i**3 + 1 - 18*i + 0*i**3. Determine p(y).
-5
Let z(t) = 1 - 4*t**2 + 3*t**2 + 0*t**2. Suppose -549 = -4*f - 5*n, -n = -f + n + 121. Let j = f + -126. Give z(j).
-24
Let s(c) = c**2 - 4*c - 11. Let j(d) = -6*d + 190. Let v(h) = h - 38. Let o(b) = -3*j(b) - 16*v(b). Let y be o(-15). Calculate s(y).
21
Let o(j) be the third derivative of -j**5/30 + 11*j**4/24 + 7*j**3/2 + 3812*j**2. Calculate o(9).
-42
Let o(t) = t**2 + 1. Let r(b) be the second derivative of -5*b**4/12 - 4*b**3/3 - 2*b**2 - 3*b + 17. Let v(u) = 4*o(u) + r(u). Give v(-7).
7
Let q(g) be the second derivative of -3/2*g**2 + 1/3*g**3 - g - 4. Determine q(-4).
-11
Let m be (-286)/(-130) - 1/5. Let h(y) = 10 - 22 + 13 + y**m + 5*y + 7. Determine h(-7).
22
Let x(r) be the third derivative of -15*r**2 - 1/30*r**5 - 1/6*r**3 + 0 + 0*r - 1/4*r**4. Calculate x(-4).
-9
Let a(s) = -47*s + 7. Let m(d) = 6*d - 1. Let p(o) = a(o) + 8*m(o). Let k be (6/9)/((-2)/(-3)). Determine p(k).
0
Let o(s) = -11 + 111*s + 112*s - 225*s. Let q = 43 + -48. Calculate o(q).
-1
Let l(w) = -8 - 3*w + w**2 - 6*w + 5*w. Let p be l(5). Let z(u) = 2*u**2 + 3*u + 2. Give z(p).
11
Let s(m) = 22*m**2 + 3438 - 1711 - 1727. Determine s(1).
22
Let s(u) = 4*u + 1. Let j be ((-15)/(-25) - (-6)/15)*-5. Let o be -3 + 2 - (6 + j). Give s(o).
-7
Let c(b) be the first derivative of b**3/3 - 2*b**2 - 23*b + 62. Let t(z) = -z - 3. Let j(y) = c(y) - 6*t(y). Calculate j(-4).
3
Let n(y) = -15382*y + 30776*y - 15384*y + 27 + y**2. What is n(-4)?
3
Let a(i) = i**2 + i + 8. Suppose -2 + 5 = m, -g + 50 = -4*m. Suppose 0 = -64*f + g*f. What is a(f)?
8
Let d(p) = -2*p**2 + 3*p + 3. Let w = 154 + -163. Let z = -6 - w. What is d(z)?
-6
Suppose x = 3*l + 5*x - 28, 0 = -l + 4*x - 12. Let u be ((-8)/(-12))/(l/6). Let q(m) = 24*m**2 - m - 67*m**2 + 13*m**2 + 21*m**2 + 10*m**2. Calculate q(u).
0
Let z(o) = -138 + 385 - 138 - 155 - 3*o. Determine z(-13).
-7
Let j(z) = -17*z**2 + 20*z - 6. Let o(d) = 21*d**2 - 21*d + 9. Let a(t) = 5*j(t) + 4*o(t). What is a(15)?
21
Let f(q) = q**3 - 16*q**2 + 14*q + 36. Let u be f(15). Suppose u*y = 19*y - 2. Let n(d) = -9*d. Determine n(y).
9
Let l(p) be the second derivative of p**3 - 9*p**2 + 107*p. Let d(w) = -7*w + 21. Let m(h) = -4*d(h) - 5*l(h). What is m(-4)?
14
Let b(j) = -83608*j + j**3 + 83608*j. Suppose 2*u = z - 0*u, 2*z = u - 3. Give b(z).
-8
Let t be 19 - 42/(8 + -14). Let j(b) be the first derivative of -t - b + 7/2*b**2. Give j(-2).
-15
Let v(n) = -4*n**2 - 2*n - 1. Suppose -x = -5*a + 10, -6*x + 7*x = 3*a - 4. Suppose -a*m + 0*m - 5*u + 2 = 0, -5*m + u = 6. Give v(m).
-3
Suppose 2*o = f + 6, 0 = 3*f - 0*f + 5*o - 26. Let g(a) = -2*a**2 - 139*a**3 + 138*a**3 + 1 - f*a**2 + a. Let s = -5 + 2. Give g(s).
-11
Let h(a) = 250. Let s(r) = -2*r + 1620. Let g(u) = 13*h(u) - 2*s(u). Suppose -2*y - 4 = 14. Give g(y).
-26
Suppose -244*p - 72 = -252*p. Let f(t) = t**2 - 6*t - 2. Let a(h) = -3*h**2 + 19*h + 5. Let c(z) = 4*a(z) + 11*f(z). Determine c(p).
7
Let k(a) = 3*a**2 + 0*a + 3 + 3*a**2 + 3*a. Suppose -1017*j + 841*j - 352 = 0. Give k(j).
21
Let y(r) = 215*r**2 + 8*r + 55. Let w(a) = 39*a**2 + a + 10. Let p(g) = -11*w(g) + 2*y(g). Let x = -4 + 6. Suppose -j - 12 = x*j. Determine p(j).
-4
Let t(i) = -i - 5. Let z(f) = -5*f**2 + 2*f - 1. Let l(r) = 13*r**2 - 5*r + 2. Let o(y) = 3*l(y) + 8*z(y). Let h(x) = o(x) - t(x). What is h(3)?
0
Let j(d) = -d**2 + 7*d. Let w be (-24 - -25)/(2/4). Suppose -102 = -3*f - 0*f. Suppose 2*l + w*m - 22 = -0*l, 2*m = -4*l + f. Give j(l).
6
Let d(j) = 2*j**3 - 1 - j**3 + 3 - 3*j**2. Let f(c) = -11*c + 15 + 4*c**2 + 6 - 3*c**2. Let r be f(9). Give d(r).
2
Let b(d) = -d**2 + 4*d + 2. Let q(f) = -f**2 + f + 7. Let g be (-4)/(-3)*-3 + 8. Let h be q(g). Determine b(h).
-43
Let u = 1034 - 1049. Let f(y) = y**2 + 14*y - 17. Determine f(u).
-2
Let g(h) = -17*h**2 - 18*h + 89. Let b(j) = -39*j**2 - 34*j + 181. Let w(x) = -3*b(x) + 7*g(x). Determine w(-13).
54
Let a(h) = -25*h**2 - 12*h + 20. Let i(t) = -67*t**2 - 36*t + 60. Let d(x) = 8*a(x) - 3*i(x). Determine d(-14).
8
Suppose -420 + 300 = -63*b + 321. Let r(v) = 3*v**3 - 25*v**2 + 23*v + 16. Calculate r(b).
-19
Suppose -11 = 9*y - 182. Let i be 232/64 - 4 - y/(-8). Let t(g) = -g. Let b(o) = 2*o + 2. Let n(k) = b(k) - 2*t(k). Give n(i).
10
Let f(l) = 45*l + 96. Let s = 2907 - 2909. Calculate f(s).
6
Let d(w) be the third derivative of -w**4/3 - w**3/3 + 24*w**2. Let g = 8 - 10. Calculate d(g).
14
Let k(q) = -3*q - 17. Let w(l) = 45*l - 7 - 46*l + 1. Suppose 5 = -2*f + 13. Let c(t) = f*k(t) - 11*w(t). What is c(0)?
-2
Let i(a) = -a + 10. Let p = 3853 - 3850. Give i(p).
7
Let z(w) = -w**3 - 19*w**2 - 4. Suppose -4*o = -5*r - 31 - 84, -43 = 2*r - o. What is z(r)?
-4
Let h(k) = k**3 + 17*k**2 - 59. Let o(q) = -193*q**2 + 1737*q - 17. Let r be o(9). What is h(r)?
-59
Let h(u) = -u**3 + 11*u**2 + 26*u + 17. Let k = 8918 - 8905. Determine h(k).
17
Suppose -18*l = 56*l + 148. Let j(f) = -2*f**2 - 2*f - 3. What is j(l)?
-7
Let v(r) = 5*r + 29. Let l(d) = 12*d + 78. Let k(s) = -3*l(s) + 8*v(s). What is k(3)?
10
Suppose -9*b + 60 = 15. Suppose b*v + 14 = -4*a - 9, -v = -3*a - 3. Let t(z) be the first derivative of 2*z**3/3 + z**2 + z - 4. Give t(a).
5
Suppose -57*i + 420 = -55*i. Let y = i - 209. Let s(o) = -6*o**2 + 2*o. Determine s(y).
-4
Let p(j) be the second derivative of -2*j**3/3 - 16*j**2 + 126*j. Let i be p(-7). Let g(x) = -x. Calculate g(i).
4
Let d be -30*(8*21/(-30) - -5). Let o(s) = s**2 - 16*s - 47. Calculate o(d).
-11
Let x(b) = b**2 + 6*b + 1. Let m(c) = 20*c**3 + c. Let v be m(-1). Let t be (-46)/(-14) + 1 - (-6)/v. Suppose -1 + 4 = -g, -d + t = -4*g. Calculate x(d).
17
Let l(g) = 3*g + 2. Let w(o) = -5*o + 1. Let c be w(-19). Let a be (6/(-9))/((-4)/c). Suppose -s + a = 2*s + q, 5*q = -s + 24. Determine l(s).
14
Let y = -7700 + 7712. Let r(z) be the second derivative of -z**3/6 + 11*z**2 - z. Give r(y).
10
Let c(k) = -189 + 192 - 4*k**2 + 2*k**2. Dete